ase 15, what is 7 - -1dc?
1e4
In base 5, what is -4 + 14030?
14021
In base 10, what is -18 + 137?
119
In base 8, what is -17 + 2?
-15
In base 11, what is 458 + 5?
462
In base 6, what is -3 - -100?
53
In base 5, what is 1301 + 10?
1311
In base 12, what is 9b27 - 1?
9b26
In base 15, what is -7d + -6?
-84
In base 4, what is 11 + -100?
-23
In base 11, what is 37 - 41?
-5
In base 16, what is -5c2 + 0?
-5c2
In base 3, what is -210002 - -10?
-202222
In base 15, what is 85 + 6?
8b
In base 2, what is -1110111 - 101010?
-10100001
In base 2, what is 1010001000 - 11000?
1001110000
In base 2, what is -1001110 + -11010?
-1101000
In base 12, what is 5 + -1208?
-1203
In base 7, what is -3660 + -2?
-3662
In base 4, what is -10 - 22012?
-22022
In base 4, what is -2223 + -11?
-2300
In base 2, what is -11 - 10010011010?
-10010011101
In base 8, what is 1 + 346?
347
In base 13, what is 6 - 74?
-6b
In base 9, what is 3 - 70?
-66
In base 14, what is -c1 - -2?
-bd
In base 15, what is 87e - -3?
882
In base 7, what is -530 - 10?
-540
In base 4, what is -13 - 1011?
-1030
In base 5, what is -100 + 1212?
1112
In base 4, what is -130 - 13?
-203
In base 15, what is 3 - -9ee?
a02
In base 10, what is -13 + 36?
23
In base 15, what is 3 - -39?
3c
In base 5, what is 10 + -3242?
-3232
In base 11, what is 371 + -3?
369
In base 2, what is -10001000111 + 0?
-10001000111
In base 12, what is -1 - 10bb?
-1100
In base 9, what is -1856 + -2?
-1858
In base 11, what is 24 + 9?
32
In base 3, what is 1122 + 1?
1200
In base 5, what is -4 + 233001?
232442
In base 15, what is -261 + 4?
-25c
In base 12, what is -b - -6a2?
693
In base 6, what is -1 + 321?
320
In base 13, what is -119 + 3?
-116
In base 11, what is -466a + 5?
-4665
In base 13, what is -90 - 1?
-91
In base 13, what is -5 - -ac?
a7
In base 12, what is a + 1a?
28
In base 6, what is 21 + -150?
-125
In base 16, what is 9a - 1?
99
In base 11, what is -2207 - 5?
-2211
In base 15, what is -4 - 380?
-384
In base 3, what is -201 - 12001?
-12202
In base 4, what is 11 + 11202?
11213
In base 12, what is -5 - 9b?
-a4
In base 4, what is -33 + 1301?
1202
In base 11, what is -253 + -2?
-255
In base 12, what is -157a - 5?
-1583
In base 13, what is 0 + -10b0?
-10b0
In base 8, what is 1 - -72?
73
In base 13, what is -217 + -4?
-21b
In base 12, what is 5 + 247?
250
In base 3, what is 2 + 1212?
1221
In base 8, what is -5 - 121?
-126
In base 12, what is -49 - 2?
-4b
In base 13, what is 4b + -3?
48
In base 5, what is -1022 + 44?
-423
In base 14, what is 3 - -4c?
51
In base 12, what is 5 + 5083?
5088
In base 8, what is 1 + 35?
36
In base 13, what is 715 - 3?
712
In base 2, what is 100011110 - 10?
100011100
In base 8, what is 1470 - 4?
1464
In base 7, what is 3 + -5621?
-5615
In base 4, what is 21030 - -31?
21121
In base 12, what is 67b + 15?
694
In base 10, what is 9881 + 0?
9881
In base 13, what is -1 + -10c?
-110
In base 6, what is -11 - 13451?
-13502
In base 4, what is -3 - 13?
-22
In base 10, what is 2217 - 1?
2216
In base 11, what is 4 - -555?
559
In base 6, what is 40 + -103?
-23
In base 8, what is -3 - -22150?
22145
In base 12, what is -3 + -261?
-264
In base 11, what is -12 - -25?
13
In base 5, what is 1 + -10?
-4
In base 14, what is -1b3 - 4?
-1b7
In base 5, what is -300 - -231?
-14
In base 6, what is -5 + -253?
-302
In base 15, what is 0 + 65?
65
In base 11, what is -3 - -331?
329
In base 10, what is -48 + -14?
-62
In base 3, what is 11 - -212?
1000
In base 15, what is 13e - -1?
140
In base 7, what is 5 + -220?
-212
In base 15, what is 6 + 1377?
137d
In base 12, what is 599 - -4?
5a1
In base 8, what is 1 + -706?
-705
In base 3, what is -101 + 1010122?
1010021
In base 12, what is 1 - 27?
-26
In base 13, what is -19 + 62?
46
In base 12, what is -2 - 24?
-26
In base 9, what is 3648 + 4?
3653
In base 8, what is 2 + -11?
-7
In base 7, what is 61 + 4?
65
In base 12, what is -3 + 1a4?
1a1
In base 10, what is 0 + -1378?
-1378
In base 2, what is 0 + -10010000?
-10010000
In base 9, what is 54 - -58?
123
In base 10, what is 4 - -220?
224
In base 12, what is 3 - 11?
-a
In base 6, what is -20152 + 0?
-20152
In base 7, what is -3 + 1055?
1052
In base 11, what is 1730 + 0?
1730
In base 13, what is -c1b - -1?
-c1a
In base 2, what is -1 - -1111000?
1110111
In base 9, what is -3 + -1554?
-1557
In base 15, what is 5 + b2c?
b32
In base 14, what is 6 - 11a?
-114
In base 4, what is 221 + 20?
301
In base 13, what is 0 + 65?
65
In base 15, what is 177 - 0?
177
In base 11, what is 12955 + -3?
12952
In base 6, what is -4 - 150?
-154
In base 9, what is -21 + 27?
6
In base 3, what is 0 - 11111?
-11111
In base 6, what is -10 - 5152?
-5202
In base 7, what is 2 - -461?
463
In base 13, what is 13ca - -4?
1401
In base 12, what is 1a9 - -5?
1b2
In base 10, what is 4 - -424?
428
In base 10, what is 1 - 16?
-15
In base 4, what is 2303 - 3?
2300
In base 6, what is -1 - 22405?
-22410
In base 12, what is 5 - a2?
-99
In base 7, what is -11 + -2041?
-2052
In base 13, what is 1a3 + 11?
1b4
In base 2, what is 1011 - -11110011?
11111110
In base 8, what is 1 - -32?
33
In base 6, what is -243 - 2?
-245
In base 5, what is -11 + 1?
-10
In base 7, what is -161 - 1?
-162
In base 7, what is -1 + 1?
0
In base 8, what is 1324 + -42?
1262
In base 14, what is -3 + -30b?
-310
In base 16, what is -1 - 1e?
-1f
In base 9, what is 136 + 1?
137
In base 14, what is -5 - 1145?
-114a
In base 4, what is -110230 - 2?
-110232
In base 8, what is 746 + -4?
742
In base 9, what is 35 + 14?
50
In base 5, what is -12114 - -11?
-12103
In base 15, what is -c9 - 43?
-11c
In base 16, what is a + -d?
-3
In base 13, what is 3 - -35?
38
In base 5, what is -10 + 142?
132
In base 6, what is -2 - 1053?
-1055
In base 13, what is -22 - 22?
-44
In base 4, what is 0 - -2003?
2003
In base 14, what is -247d + -1?
-2480
In base 2, what is 10 - -10000000001?
10000000011
In base 15, what is 4 + 1ad?
1b2
In base 10, what is -160 - -2?
-158
In base 14, what is 35 + -13d?
-108
In base 16, what is 36e - 5?
369
In base 2, what is -1110 + -100100?
-110010
In base 6, what is 0 - 101?
-101
In base 8, what is 2 + 52?
54
In base 2, what is 11 - -101101?
110000
In base 13, what is 0 + c1?
c1
In base 16, what is 19ba + 1?
19bb
In base 15, what is -48 + 3c?
-b
In base 5, what is -1010 + -1?
-1011
In base 13, what is -c4 + 2?
-c2
In base 6, what is -34 - 41?
-115
In base 5, what is 2322 - -130?
3002
In base 14, what is -33b - 1?
-33c
In base 3, what is -11 - 2111?
-2122
In base 7, what is -136030 - 3?
-136033
In base 13, what is 219 + -6?
213
In base 13, what is -86 - 1?
-87
In base 10, what is 999 - -11?
1010
In base 9, what is 148 + -4?
144
In base 4, what is -13 + 1003323?
1003310
In base 12, what is -249 + 2?
-247
In base 13, what is -55 + 5?
-50
In base 14, what is 32 - 12?
20
In base 2, what is -110 - 11?
-1001
In base 16, what is aa + 0?
aa
In base 16, what is 57 - -5c?
b3
In base 16, what is -134 + -3?
-137
In base 4, what is -23 + -10212?
-10301
In base 12, what is a - 23?
-15
In base 15, what is 1 + -32?
-31
In base 5, what is -1023 - 1?
-1024
In base 15, what is 153 + a?
15d
In base 11, what is a + -5?
5
In base 12, what is -1a62 + a?
-1a54
In base 6, what is 141 + 4?
145
In base 6, what is 1 + 400?
401
In base 15, what is -3 + 1640?
163c
In base 14, what is 2 - -2a?
2c
In base 8, what is 4471 - 3?
4466
In base 16, what is 5 + -2?
3
In base 10, what is 258 - 15?
243
In base 16, what is -3 - 40?
-43
In base 16, what is 6a5 - 4?
6a1
In base 8, what is 3577 - -11?
3610
In base 14, what is -1b2 - -1?
-1b1
In base 15, what is -3 - 20?
-23
In base 11, what is 0 - 93?
-93
In base 9, what is -14 + -20?
-34
In base 7, what is -1066 - 1?
-1100
In base 2, what is 110101010 - 11?
110100111
In base 4, what is 11 + 1111?
1122
In base 3, what is -1 - -1022011?
1022010
In base 14, what is -1 + 305?
304
In base 2, what is -11011101110 + 1100?
-11011100010
In base 2, what is 1100 - 1101?
-1
In base 13, what is -6 + -8?
-11
In base 5, what is -114 + -3?
-122
In base 15, what is -1 + -2a6?
-2a7
In base 6, what is 4 - 243?
-235
In base 2, what is 10011 - 11?
10000
In base 4, what is -11 + -101210?
-101221
In base 14, what is 3 + -37?
-34
In base 2, what is -101111 - 100?
-110011
In base 7, what is 261 + -2?
256
In base 12, what is 282 - 3?
27b
In base 9, w